culate 2 + 10 + -7 + 3.
8
(19 - 10) + (-5 - 1) - -7
10
Evaluate 12 + (16 + -11 - 10).
7
(1 - 12) + -7 + 10 - -3
-5
What is the value of 13 + (1 - 7) + -1 + 2?
8
Evaluate 5 - 1 - (-4 + (-3 - -17)).
-6
Calculate 0 + -1 + -2 + 3 + 2.
2
Evaluate -17 - (0 - 4) - -6 - -3.
-4
What is the value of 1 + 0 + (3 - 2) + -5?
-3
-7 + (-5 - (-28 - -5)) + -6
5
5 + -22 + (-1 - -12)
-6
12 + (9 + -6 - 3) - 6
6
Evaluate 31 - 28 - (-1 + 0 + 1).
3
What is the value of -1 - (-4 + -3 + 7)?
-1
What is the value of -1 - 1 - (13 + (-10 - -1))?
-6
Evaluate -7 + 15 - (2 + (1 - -3)).
2
Evaluate -2 - (5 + -18) - 13.
-2
What is the value of -7 - -3 - (-1 - (1 - 3))?
-5
What is the value of 4 + 4 + -2 - 3?
3
(4 - 0 - 11) + 2
-5
1 - -9 - (-7 - (11 + -23))
5
Evaluate (2 - -1 - 5 - 1) + -2.
-5
Calculate (4 - 5) + (2 - -6) + -15.
-8
1 + 2 - (5 + -2 - 3)
3
Calculate 4 - (0 + -2 - -1) - 3.
2
Evaluate 3 + (-1 + 4 - (1 - 0)).
5
What is (0 - 1 - -1) + (14 - 10)?
4
What is (-4 + 5 - (-5 - 0)) + -3?
3
15 - 15 - (1 - -2)
-3
What is the value of (-4 + 2 - -2) + 0 + 4?
4
What is 0 + -3 + 4 + (-3 - -5)?
3
What is -2 - ((3 - (1 + -4)) + -1)?
-7
5 + -1 + (11 - 14)
1
What is (0 - (0 - -3)) + 7 + -1?
3
Evaluate -159 + 162 + (8 - 1).
10
What is 17 - ((12 - 8) + 7)?
6
Evaluate -1 - -1 - (5 - 3).
-2
What is the value of -2 + -1 + 0 + -1?
-4
1 + 1 - ((-7 - -3) + 6)
0
Calculate 12 + -9 + (0 - 1) + -1.
1
What is the value of -6 + 3 - (-3 - 1)?
1
Evaluate 0 + 1 - (30 - 24).
-5
Evaluate 6 - 7 - ((-4 - -6) + -2).
-1
What is the value of ((-3 - 0) + 5 - 1) + 0?
1
What is 3 + -3 + -4 + 8?
4
What is the value of 9 + (-4 - 0) - 4 - 0?
1
What is (4 - 4) + 6 - (2 - 0)?
4
Calculate -50 + 55 - (0 + 1) - -2.
6
2 + -7 + -3 + 9
1
Calculate -5 - -1 - (20 + -25) - 6.
-5
Calculate 0 + -6 + (16 - 4).
6
What is 2 - (4 + (-1 + -3 - 4))?
6
What is 4 - (0 + (-2 - 2)) - 4?
4
3 + 6 + -5 - 7
-3
What is -5 - (-6 - (3 + -2 - 2))?
0
Calculate 0 + -3 - (-2 - (4 + -7)).
-4
0 - (0 - 3) - 6 - -7
4
Evaluate (-6 - 0) + (2 - 1).
-5
Calculate -11 + (11 - -1) + (-2 - -9).
8
What is 1 + -4 - (1 + -1 - -1)?
-4
Evaluate -5 + 5 + -7 + 4.
-3
What is the value of -5 + -1 - (-1 + -10)?
5
What is the value of (-8 - (-4 + 3)) + 2 - -2?
-3
-117 + 124 + (-3 - -2) + -15
-9
Calculate (-2 - -3) + (-12 - -10).
-1
What is the value of 3 + (9 - (3 + 4 + -3))?
8
-1 + -4 + -4 + -1 + 5
-5
What is -5 - (4 - (-6 + 10))?
-5
Calculate 7 - 3 - (5 + -2).
1
What is the value of 1 - (17 + (-6 - 3))?
-7
Evaluate 4 - (-3 - -9) - 2.
-4
Calculate 16 + (-21 - -11 - 0).
6
What is 0 - (-1 + 6) - -1 - -10?
6
Calculate 12 + -7 + -4 - (0 + -5).
6
What is the value of 0 + -2 + 3 + -3 + 0?
-2
Evaluate -5 - (6 + (-12 - -3) - 4).
2
What is the value of 15 - ((-5 - -15) + 4)?
1
Calculate 0 + (14 - (11 + -4)).
7
2 - (2 - (5 - 1) - -7)
-3
Evaluate 3 - 8 - (-1 + (-4 - -1)).
-1
Calculate -6 - -4 - (2 + -6 - -6).
-4
What is the value of (-9 - -4) + (-2 + -3 - -3)?
-7
4 + (-6 - 0) + 1
-1
Evaluate (-2 - -6) + (-2 - -1) + -9.
-6
4 - (2 + (3 - 3) + 7)
-5
What is (0 - (-3 + 1)) + -3 + 0?
-1
What is the value of -6 - (-4 + -4) - (7 + 0)?
-5
What is the value of (0 - -10) + 2 + -61 + 59?
10
What is 3 - ((5 - 1) + -2 + -4)?
5
Calculate (1 - -1) + -1 + 4.
5
Calculate 9 + -1 - (-97 - -99).
6
0 + 0 + -2 - (33 + -34)
-1
What is the value of (-7 - -8) + (4 - 0)?
5
What is -1 + -2 + 1 + 2 + -4?
-4
Evaluate 2 + 3 - (5 - -1).
-1
Calculate (-1 - (1 + -4 + 5)) + 6.
3
Evaluate 7 + 7 + -10 + 3.
7
9 - (11 + (-10 - (8 - 12)))
4
Evaluate ((-3 - 1) + -1 - -4) + 3.
2
Evaluate 6 - (-2 - 0 - -3).
5
What is 3 + (1 - 0) + -7 - -4?
1
What is the value of 6 - (16 - (2 + -4 + 5))?
-7
5 + (-3 + (1 - -1) - 0)
4
Evaluate -9 + 9 + -4 + -2.
-6
-52 + 54 + 0 + -4
-2
What is the value of (-5 + 5 + -3 - -4) + -5?
-4
What is 0 - ((3 - 4) + 6)?
-5
1 + -1 + 3 + (-5 - -1)
-1
What is (2 - -1 - 4 - -2) + -2?
-1
Calculate (-3 - -9) + 2 + -1.
7
-1 + -9 - (132 - 142)
0
What is -1 + 1 - (-8 + 4 + 0)?
4
What is 8 + -7 + 15 - 13?
3
Calculate 2 + -14 - (-42 + 36).
-6
Calculate 8 + 0 + (-6 - -3).
5
(29 - 37) + (-3 - (-1 + -1))
-9
Evaluate (0 - -1 - (2 - 2)) + -5.
-4
Evaluate 157 + -145 - (-1 - -8).
5
Calculate -2 + 1 + 0 - -3.
2
Evaluate (-16 - -6) + 6 - -7.
3
What is the value of 2 - 4 - 1 - (-3 - 4)?
4
-3 + (2 - -1) + 22 + -25
-3
Calculate 3 + 2 + -7 - -4.
2
What is the value of -2 + 1 + (-1 + -14 - -11)?
-5
Evaluate 2 + -2 + -3 + (0 - 1).
-4
-2 + (0 - -2) + -1 - 4
-5
What is the value of 2 + 7 + -4 + (12 - 14)?
3
Calculate 13 + -17 + -1 + 0 + 6.
1
What is -2 + -4 - -1 - (0 + 0)?
-5
What is (5 - (4 + 0 - 5)) + 1?
7
Calculate 5 - ((5 - 7) + 1).
6
What is (-5 - -5) + (-1 - (1 - 1))?
-1
Calculate 0 + 1 + -4 - -3 - 3.
-3
What is the value of -2 - (-6 + 1 + 3 + 1)?
-1
What is -23 + 12 + 15 + -1 + 1?
4
Calculate -2 + (4 + -3 - -3).
2
0 + -3 + 2 + -2
-3
(-5 - 4) + 6 + -2 - -1
-4
Calculate (4 - -3) + -14 - (-1 + -1).
-5
What is the value of (3 - 4 - 0 - -7) + -4?
2
What is the value of 28 + -30 + (2 - (2 + 2))?
-4
Calculate (1 - 7 - -6) + 0.
0
Calculate 5 - (-1 - -1 - (-15 - -5)).
-5
7 - (3 + (13 - 6))
-3
4 - (5 + (3 - 9))
5
What is the value of 1 - (4 + -2) - (1 - 0)?
-2
Calculate (-15 - -8) + 3 + -1 + 3.
-2
9 + (-7 - -3) - 9
-4
Evaluate (-43 - -50) + (-1 - 3).
3
Calculate -5 - -3 - (1 - (5 - -1)).
3
What is the value of 3 + 0 - (11 + (-3 - 3))?
-2
Calculate -4 - -9 - (7 + 3).
-5
What is the value of (-14 - 6) + (42 - 33)?
-11
What is the value of 6 + -7 - (2 + -2) - -4?
3
What is 3 + -2 + 0 - (7 + -6)?
0
Calculate -3 + 10 + -5 + -2.
0
What is -1 + 4 + -119 + 118?
2
3 + -7 - -1 - (16 + -13)
-6
Calculate 5 + (-11 - 11) + 11.
-6
Calculate 2 - (-5 + 5) - 6.
-4
Calculate (-2 - (-1 + 0)) + 954 + -964.
-11
Evaluate 8 - 2 - (-1 - -7).
0
What is 18 + -22 + (0 - -4)?
0
-2 + 6 - (5 - 3)
2
Calculate 2 + -2 - (5 - 4).
-1
What is 3 + (3 - 2) + -5?
-1
94 - 99 - (-2 + 1)
-4
What is the value of 3 + (1 - 3) + (-2 - -1)?
0
Evaluate 7 + (4 - 0 - 6).
5
What is -3 + 0 + -2 + 10?
5
Evaluate -6 + 2 + 1 + -2.
-5
Calculate (-4 - (5 - 4)) + (0 - 3).
-8
(2 - (1 - 0)) + (-24 - -20)
-3
What is -2 + -3 + (-1 - (-4 + 2))?
-4
Evaluate -4 + (4 - ((-3 - -8) + -2)).
-3
Calculate 3 + (6 - 2 - (-7 + 8)).
6
What is the value of -3 - (-2 - (5 + -1))?
3
-93 + 99 - (0 + 4)
2
What is the value of (1 - 2) + -4 + (3 - -1)?
-1
What is the value of 32 + -30 - (1 - -5)?
-4
3 + 8 + -9 + 4 + -3
3
Calculate -2 + (6 - 1) - (-24 - -28).
-1
Calculate -4 - (-4 + 1 + -17 + 14).
2
Calculate -7 - -8 - (5 + -1).
-3
What is -13 - -1 - (18 + -24)?
-6
Evaluate -1 + (-1 - 3) + -4 + 7.
-2
What is the value of 3 - (2 - 4) - 10?
-5
(-2 - (-6 + 0)) + -5
-1
What is (-8 - -2) + (6 - -2) - -2?
4
Calculate -2 + 1 + -1 - (26 - 36).
8
What is the value of (-6 - -4) + 3 - -1?
2
What is the value of 0 + -4 + 9 - 9?
-4
What is -2 - (-3 + (6 - 3)) - 2?
-4
What is 9 - -1 - 1 - (4 + 0)?
5
What is (-4 - -6 - -4) + -12?
-6
What is 2 - -2 - (7 + -4)?
1
Evaluate -2 + (6 - (-6 + 1 - -6)).
3
What is 1 + -1 + 2 + -7 - 1?
-6
(1 - 6) + 21 + -7
9
Calculate (-8 - -4) + 3 + (-3 - 1).
-5
Evaluate -96 + 86 + (4 - (0 - 0)).
-6
0 + 7 + 13 + (1 - 12)
9
What is (-7 - 1) + 2 - (1 + -12)?
5
Evaluate 4 + -1 + -6 + 3.
0
Calculate -5 - -19 - (2 - -6).
6
What is the value of 4 + (11 - 5 - 5)?
5
Calculate 1 + 7 + (1 - 0) + -4.
5
0 - (-7 + 7) - -6
6
6 - (3 - (-2 - -3))
4
-5 - -3 - (-6 + 0)
4
What is the value of 1 + -6 + -1 + 11 - 3?
2
What is the value of (2 + -6 + 6 - 9) + 4?
-3
What is -2 + 1 + -3 - (7 + -10)?
-1
What is the value of -1 + 0 + -7 + 6?
-2
What is the value of -12 - -2 - (-4 + -13)?
7
What is the value of -6 + 0 - (-10 - -6)?
-2
-10 - -6 - (-5 + 2)
-1
What is -3 + (2 + 1 - -1) + 2?
3
Evaluate -2 + -4 - (8 - 13).
-1
What is 1 + (-5 + 2 - 0)?
-2
1 + 11 + 0 + -5
7
Evaluate -1 + -3 + (5 - 3) - -2.
0
What is 12 + -3 + -2 - 11?
-4
What is the value of 0 - (2 + 1 + -2 + -1)?
0
Calculate (-3 - 0) + 1 + -1.
-3
Calculate (-6 - -4 - -3) + -1 + 4.
4
Evaluate 5 + -24 + 7 - -8.
-4
Calculate 2 - (4 + -8 + (5 - 0)).
1
5 - (10 + -1 + -6 + 1)
1
What is the value of -19 + 20 + -10 + 10?
1
Evaluate (-1 - -3) + 0 + -4 + 6.
4
1 - (4 - (-3 - -3)) - 1
-4
What is (-1 - 0) + 3 + -3 + 6?
5
(0 - -5) + 10 + -8 + -1
6
Evaluate 5 - (-3 + 3 + 2).
3
What is the value of 12 + -6 + -2 + -4?
0
Evaluate -122 + 123 - (9 - 1).
-7
5 + (-4 - -1) - (-11 - -15)
-2
